ppose v = 4*v - 6. Suppose 112 = -0*x + v*x. Suppose 4*c - x = -4*q, 0*q - 3*q + 31 = 2*c. List the prime factors of c.
11
Let f(n) = -5*n**2 + 4*n - 5. Let v(i) = i**2 - i + 1. Let w(p) = 2*f(p) + 11*v(p). List the prime factors of w(4).
5
Let l(a) = 12*a - 16. List the prime factors of l(4).
2
Suppose 0 = 2*x - 10, -5*x = 4*z - 0*x - 97. What are the prime factors of z?
2, 3
Suppose 3 = -3*y, -2*k - 3*y + 7 = -306. List the prime factors of k.
2, 79
Suppose -o - 24 = o. Let x = -5 - o. What are the prime factors of x?
7
Let u be (2/(-4))/(3/(-36)). Let q = u + -3. What are the prime factors of q?
3
What are the prime factors of (-1)/(-4) + (6435/12)/11?
7
Let x(p) = -p - 9. Let c be x(-8). Let t be (-2 - c/(-2))*4. What are the prime factors of (-125)/t - 1/2?
2, 3
Let u(a) = -2*a + 3. Let k be u(-2). Suppose -4*y = -3*y - k. List the prime factors of y.
7
Let v(w) = w**2 + 7*w + 6. List the prime factors of v(8).
2, 3, 7
Suppose -17 = -3*y + 145. List the prime factors of y.
2, 3
List the prime factors of (-1210)/(-11) + 1 + -4.
107
Let j be (1/2)/(3/36). Let m(f) = -f**3 + 6*f**2 + 2*f + 1. List the prime factors of m(j).
13
Suppose 17 = 2*y + 1. Suppose 3*r = -2*z + 11, -3*r + 2*z + 10 = r. Suppose y = f + r*f. List the prime factors of f.
2
Let b be 15*(-2 + 16/6). Suppose -b*h = -7*h - 102. List the prime factors of h.
2, 17
Suppose -2*c + 6 + 22 = 0. What are the prime factors of c?
2, 7
Suppose 3*m - 6 = 2*m. Let b = 3 - m. List the prime factors of (-2 - b) + 3*2.
7
Let f = -18 - -157. List the prime factors of f.
139
Let d be 5/1*12/30. Suppose d*k + 3*p = 4*p + 4, 2*k = -5*p + 4. List the prime factors of k.
2
What are the prime factors of 72 + ((-3)/2 - (-12)/24)?
71
Suppose x - 2*x + 5 = 0. Suppose 0 = t + 3*f - 25, x*f + 33 = 4*t - t. List the prime factors of t.
2
Let a(i) = -i**2 + 3*i + 1. Let v be a(6). Let s = -1 - v. List the prime factors of s.
2
Suppose 0 = -2*a + 4*j + 10, 3*j = -a - 3 - 2. Let t(g) = -3*g - 9. Let u be t(-5). Suppose -u - a = -m. What are the prime factors of m?
7
Let f = -1 - -1. Let o be f + 0 + 2 + 0. Suppose 6 - 18 = -o*v. List the prime factors of v.
2, 3
Let p(g) be the second derivative of g**4/24 + 5*g**3/6 - 3*g**2/2 - 3*g. Let z(d) be the first derivative of p(d). List the prime factors of z(7).
2, 3
Suppose 3*f + 22 = -4*c, -c = c + 8. What are the prime factors of 11 + (f - -2) + 0?
11
Let i be 8*((-10)/(-4) + -2). Let l be i*(2 + -1)*1. Suppose n = -7*t + 2*t - 8, -4*n = l*t - 16. What are the prime factors of n?
7
Suppose 0 = -3*n + 157 - 7. What are the prime factors of n?
2, 5
Let h(i) = i + 11. Let r be -1 - (-10 + (-4)/(-4)). List the prime factors of h(r).
19
Suppose 2*a - 4*a = -4. Suppose -6*h + a*h + 120 = 0. What are the prime factors of h?
2, 3, 5
Let j(u) = u**2 - 5*u - 16. What are the prime factors of j(10)?
2, 17
Let q(w) = -41*w**2 - 2*w + 2. Let l(r) = -21*r**2 - r + 1. Let m(f) = 7*l(f) - 4*q(f). List the prime factors of m(1).
17
Suppose -2*m + 3*v - 5 = -66, 3*v + 87 = 3*m. Let f be ((-1)/2)/((-3)/48). Let w = m - f. What are the prime factors of w?
2, 3
Let a(v) = v**2 - 6*v - 9. Let x be a(7). Let p = 4 + x. Suppose -4*q + 13 = -5*z, -p*q = -2*z - 0 - 6. List the prime factors of q.
2
Suppose 27 = n + 2*n. Let o(a) = a**3 - 9*a**2 + 8. List the prime factors of o(n).
2
Suppose 5*f = 3*r + 19, 4*r + 16 = 2*r + 5*f. Let a be (12 - -1)/(-4 + 3). Let q = r - a. List the prime factors of q.
2, 5
Let y = -33 - -59. What are the prime factors of y?
2, 13
Suppose -d = -5 + 7. Let c(j) = -10*j - 3. List the prime factors of c(d).
17
Let t(u) = 28*u**3. Suppose -3*j - 2*v + v = -5, -13 = -5*j - 4*v. What are the prime factors of t(j)?
2, 7
Let a = 160 + -102. What are the prime factors of a?
2, 29
Let p be 4/(3 + 21/(-9)). What are the prime factors of p - (-1 + -2 - -4)?
5
Let j be 1/(15/(-6) - -2). List the prime factors of 1/j - 29/(-2).
2, 7
Let r = 8 + -4. Suppose 0 = 3*p - r*i + 20, 5*p - 2*i = 3*p - 12. Let u = p + 9. What are the prime factors of u?
5
Suppose t - 6*t + 4*r + 28 = 0, 4*r = -t + 20. Let z = t + 7. List the prime factors of (-78)/(-5) + 6/z.
2
Suppose d - 3*p - p = 23, -14 = -d - 5*p. Suppose -4*n + c + d = 0, -2 - 9 = -2*n + c. What are the prime factors of n?
2
Let w be (-3)/(-9) - (-2)/(-6). Suppose 2*x - 7 - 11 = w. List the prime factors of x.
3
Let i be 3 - (-1 - (2 - 3)). Let z be 2/i - 26/(-6). Suppose -14 + 69 = z*f. List the prime factors of f.
11
Let c be 715/77 + (-2)/7. Suppose 217 = 4*f + c. List the prime factors of f.
2, 13
Let c(j) = -5*j**3 - 3*j**2 - 3*j - 3. Let b(x) = -2*x**2 + 11*x - 7. Let y be b(5). List the prime factors of c(y).
31
Let t(s) = -s**3 + 7*s**2 + s + 3. List the prime factors of t(7).
2, 5
Let h(n) = n. Let q be h(1). List the prime factors of q*-1*(-30)/2.
3, 5
Suppose 4*f = -2*f + 300. List the prime factors of f.
2, 5
Let y be 1/(-2)*(-48)/3. Suppose y = 4*u - 0*u. Suppose u = 2*i - 18. List the prime factors of i.
2, 5
Let s(y) = -2*y - 2. Suppose -3*u - 2*u - 45 = 0. What are the prime factors of s(u)?
2
Suppose 0*m = m - 32. Suppose -5*x + x = -m. What are the prime factors of x?
2
Let m = -703 - -1539. What are the prime factors of (-8)/52 - m/(-26)?
2
Suppose -1 = -3*k + 38. Suppose 2*g - 21 - k = 0. What are the prime factors of g?
17
Suppose 17 = 4*a - 5*r - 3, -4*a - 8 = 2*r. Suppose 3*i = -a*i + 6. Let k = i + 3. List the prime factors of k.
5
Suppose -2*q - 4 = 0, -b - b + 3*q - 34 = 0. Let h be (-1 + 10)/(-1*1). Let l = h - b. What are the prime factors of l?
11
List the prime factors of (-54)/(3*4/(-12)).
2, 3
Let o = 0 - -13. Let p = 1 + o. List the prime factors of p.
2, 7
Let u(a) = -a**3 + 1 - 7*a - 8*a**2 - 2*a**2 - 3 + 4*a**2. Let c(j) = j**2 - 6*j. Let n be c(5). List the prime factors of u(n).
2
Suppose 32 = -x + 5*x. Suppose -p + 15 = -x. List the prime factors of p.
23
Suppose -12*g + 5*g = -945. List the prime factors of g.
3, 5
Let v = 24 - 14. Let q = v + 8. List the prime factors of q.
2, 3
Let r be 3 + (11 - -2) + -4. Suppose -x - 58 = -2*n, 0 = -n + 4*x + 24 + r. What are the prime factors of n?
2, 7
Let m be -4*(5/(-1) - -3). Let p(a) = -a**2 + 10*a - 6. List the prime factors of p(m).
2, 5
Let d(g) = -g - 1. List the prime factors of d(-3).
2
Suppose 0*x + 5*x = 65. What are the prime factors of x?
13
Suppose p + 12 = -3*p. List the prime factors of (p - 0)*-1 - -3.
2, 3
Let s(m) = -m**3 + 8*m**2 - 4*m + 3. List the prime factors of s(3).
2, 3
Suppose -5*r + 3*h + 293 = 0, 4*r = -0*r - 5*h + 227. List the prime factors of r.
2, 29
Let z = 1 + 0. List the prime factors of 12*z/(-6)*-3.
2, 3
Suppose 4*j = 5*b + 347, -3*j + 10*b = 5*b - 264. What are the prime factors of j?
83
Let f(q) = 2*q**2 - 6*q + 10. What are the prime factors of f(7)?
2, 3, 11
Suppose i + 5*c + 7 - 38 = 0, -3*c + 15 = 0. Let v(q) be the second derivative of -q**4/12 + q**3 + 3*q**2/2 - q. What are the prime factors of v(i)?
3
Let x = -137 - -193. Let u = x - 38. What are the prime factors of 33/u - 4/(-24)?
2
Let f(t) be the second derivative of t**3/6 - 2*t**2 + 3*t. Let o be f(8). Suppose -7 = o*k - a - 2*a, 2*a = 5*k. List the prime factors of k.
2
Suppose -6 = -3*g + 3, -5*u + g = -7. Suppose 18 = n + u*n. List the prime factors of n.
2, 3
Let o(k) = -k**2 + 10*k - 4. Let q be o(9). Suppose 0 = -4*n + 3 + q. List the prime factors of n.
2
Suppose 3*d - a - 22 = 62, d - 30 = a. What are the prime factors of d?
3
What are the prime factors of (-3)/(-18)*-3*-24?
2, 3
Let v = -46 + 150. What are the prime factors of v?
2, 13
Let q(l) = -l**2 + 29*l - 48. What are the prime factors of q(21)?
2, 3, 5
Let q = 3 - 2. Let a = q + 1. Suppose z + y = 6 + 1, -a*z + 3*y = -19. List the prime factors of z.
2
Let r(o) = 3*o - 7. List the prime factors of r(6).
11
Suppose 4*y - 5*m = 1296, -2*y = -m - 166 - 488. What are the prime factors of y?
7, 47
Let m(i) = -i**2 + 3*i - 3*i**2 + 1 - 2 + 3*i**3 + 0*i. What are the prime factors of m(2)?
13
Suppose -3*x + 4*x - 192 = -3*k, -x = 2*k - 193. What are the prime factors of x?
3, 5, 13
Suppose -7*i = -8*i + 50. What are the prime factors of i?
2, 5
Let o = 201 - 77. What are the prime factors of o?
2, 31
Let i = -1 + -4. List the prime factors of (-1 - 1*i) + -2.
2
Let t = 4